 d(a) = 7*l(a) + 2*r(a). Calculate the remainder when (-2)/10 + (-182)/(-10) is divided by d(-16).
4
Let v = -174 - -309. Suppose -f + 207 = 3*y, -v = -2*y + f - 2. Let x(h) = -2*h + 5. Calculate the remainder when y is divided by x(-9).
22
Let t = 390 - 317. Calculate the remainder when 232 is divided by t.
13
Suppose -7*b + 11*b = 64. Suppose 29 = -2*r - 17. Let w = r + 68. What is the remainder when w is divided by b?
13
Let i be (15/4)/((-15)/(-40)). Suppose -5*o = -3*l - 15, -2*o - l + i = -7. Calculate the remainder when 22 is divided by o.
4
Let k be (13/(-3))/(1 + (-39)/36). Let q = 133 - k. Calculate the remainder when q is divided by 42.
39
Let c = 2205 + -2044. What is the remainder when c is divided by 2/(-2)*(-41 - 0)?
38
Let t(l) = 17*l - 49. What is the remainder when 70 is divided by t(4)?
13
What is the remainder when -396*(33/6 + -6) is divided by 36?
18
Suppose -127*b + 109*b + 882 = 0. Calculate the remainder when 157 is divided by b.
10
Let c(t) = -8*t - 12. Let v(p) = -p**2 + 11*p - 22. What is the remainder when c(-7) is divided by v(5)?
4
Suppose 0 = -h - 2*z + 3, 3*z - 1 = -h - 0. What is the remainder when 10 is divided by h?
3
Let z(s) = 4*s**2 - s + 2. Let y be z(-3). Suppose -p = 2*w - y - 0, -w + 8 = 3*p. Suppose -81*q = -87*q + 48. Calculate the remainder when w is divided by q.
7
Let d(l) = -l**3 + l**2 + 2*l + 3. Let g(t) = -2*t**2 - t - 2. Let f be g(-1). Let r = 20 - 11. Calculate the remainder when d(f) is divided by r.
6
Let g(f) = f**3 + 6*f**2 - 10*f - 17. Let s = -3 - -10. What is the remainder when s is divided by g(-7)?
3
Suppose -3*i + 91 = -65. Suppose -129*b = -132*b + 9. Suppose -b*a - 397 + 454 = 0. Calculate the remainder when i is divided by a.
14
Suppose -5*b + 4*j = -20, 4*b - 5*j - 1 = 6. Suppose r + 24 - 60 = 0. Let z = 66 - r. What is the remainder when z is divided by b?
6
Suppose -m = 0, 3*m = 5*h - 3*h - 48. What is the remainder when 110 is divided by h?
14
What is the remainder when 38 is divided by 48/20*5/3?
2
Let n be (-178)/(-12) + (-2)/36*-3. Suppose 4*x = g + n, x - 5 - 20 = -4*g. Suppose j = 13 + 1. What is the remainder when j is divided by x?
4
Let x = -2 + 170. What is the remainder when x is divided by 57?
54
Let f be 4/(-6)*(-42)/(-2). Let w = -11 - f. Suppose 5*t + 4*d - 193 = 0, -w*d + 187 = 5*t - 2*d. Calculate the remainder when t is divided by 20.
17
Let c(o) = o + 6. Let f be c(-2). Suppose -3*q = -3*l - 141, -f*q = 2*l + l - 167. What is the remainder when q is divided by 23?
21
Suppose -7 = -7*x + 21. Suppose -3*f = 12, -6*t + 2*t + x*f = -44. Calculate the remainder when 51 is divided by t.
2
Let c(a) = -a**2 + 0*a**3 - 2*a**3 + 6*a**3 + 0*a**3. Let t be c(1). Suppose -t*f + 45 = -15. What is the remainder when f is divided by 7?
6
Let k(r) = -83*r + 313. Calculate the remainder when k(0) is divided by 9.
7
Let z(l) = 5*l**2 + 36*l - 12. What is the remainder when z(-9) is divided by 23?
0
Let v = -35 + 125. Suppose 0 = 3*x - q - 183, -2*q - 225 = -4*x - 7*q. Suppose -x = -2*r + v. What is the remainder when r is divided by 19?
18
Let a(g) = g**2 - 19*g - 107. Suppose m - 253 = -4*p, 4*m + 42 = -0*p + p. Calculate the remainder when p is divided by a(24).
10
Let d = -9 + 13. Let q = 38 + -18. What is the remainder when -26*6*(-1)/d is divided by q?
19
Let s = 232 - 141. Let q = -84 + s. What is the remainder when 13 is divided by q?
6
Suppose 4*q - 3*q = 6. Let y(r) = -12*r + 2*r**3 + 8*r**2 + 4*r - r - 4 - 3*r**3. What is the remainder when 54 is divided by y(q)?
12
Let u(v) = v**2 - v + 74. Let m be u(0). Suppose 5*j + 2*k + 32 + 45 = 0, -5*j + k - m = 0. Calculate the remainder when (18/j)/((-12)/750) is divided by 19.
18
Let y = 3 + 39. Let c be ((-8)/(-10))/(6/(-165)). Calculate the remainder when y is divided by (-4)/16*2*c.
9
Suppose 4*z = -2*p + 782, 7*z = 9*z - 5*p - 361. What is the remainder when 610 is divided by z?
31
Let l(o) = o**2 - 6*o - 316. Calculate the remainder when l(34) is divided by 40.
36
Let g = -39 + 77. Suppose n - 45 = g. What is the remainder when n is divided by 21?
20
Suppose 2*z - 16 = -3*w, -5*w + 12 = -3*z - z. What is the remainder when 9 is divided by w?
1
What is the remainder when 152 is divided by (228/21 - (-1)/7) + -2?
8
Suppose 5*h - 1192 = -2*s - 2*s, 5*h - 313 = -s. Calculate the remainder when s is divided by 23.
17
Let w = 490 + -482. Suppose -c - 4*b = -57, -4*b = 2*c - 2*b - 132. Calculate the remainder when c is divided by w.
5
Calculate the remainder when 53 is divided by -3 - -10 - (-621)/69.
5
Let t(a) = -9*a - 33. Calculate the remainder when t(-13) is divided by 44.
40
Let p be (-4 - 0)*(-18)/(-8). Let k be (-168)/(-10) - p/45. Suppose -b + 0 = -k. Calculate the remainder when 32 is divided by b.
15
Suppose 4*h = 98 - 26. Let o(z) = 49*z**2 - 12*z - 9. Calculate the remainder when o(-1) is divided by h.
16
Let s(j) = -j + 9. Let l be s(6). Suppose -l*n + 5 = -2*n. What is the remainder when -3 - (0 + -20)/2 is divided by n?
2
Let j be (34/(-4) - -3)*-4. Let z = j + -11. Let r(x) = x**2 - 3*x - 7. Calculate the remainder when z is divided by r(5).
2
Let w(o) = -o**2 - 28*o - 160. What is the remainder when 314 is divided by w(-12)?
26
Let p(r) = r - 1. Let u be p(9). Let l be 10/((u - 4)/2). Suppose -l*q + 73 = -352. What is the remainder when q is divided by 29?
27
Let z(q) = -64*q - 10. What is the remainder when z(-3) is divided by 31?
27
Let s = -226 - -328. Suppose -10*n + s = -118. What is the remainder when 109 is divided by n?
21
Let w = -9 + 8. Calculate the remainder when 17 is divided by ((-9)/4)/(w*4/16).
8
Suppose -2148 = 258*w - 259*w. What is the remainder when w is divided by 50?
48
Let m be 1/((-1 - 1)/10). Let c(q) = 86*q**3 - 244*q**3 + 78*q**3 + 2 + 5*q**2 + 81*q**3. What is the remainder when 3 is divided by c(m)?
1
Let t(j) = -15*j + 22. Calculate the remainder when 22 is divided by t(0).
0
Suppose -73*g + 2657 + 3110 = 0. Calculate the remainder when g is divided by 7.
2
Suppose 0 = -4*i - 3*m + 18, 3*i = -0*i + 2*m + 5. Suppose 74 = 4*j - 2*c - 0*c, 77 = 4*j - i*c. Calculate the remainder when j is divided by 10.
7
Suppose q + 343 = 8*q. Suppose -m - 6*k = -3*k - 32, -k - 20 = -m. Let d = -13 + m. What is the remainder when q is divided by d?
9
Suppose -109 = 13*l - 1110. What is the remainder when 382 is divided by l?
74
Suppose -3*w - 3*h - 140 = h, -2*h = -2*w - 70. Let d = w + 46. What is the remainder when 23 is divided by d?
5
Let a be (-1 - 3)*(-2)/4. Let k(q) = -3*q + 8*q**a + 11*q**2 - 16*q**2 - 2. Calculate the remainder when k(-3) is divided by 19.
15
Suppose 4 = 2*m, 0 = -2*i + 4*m - m + 10. Calculate the remainder when 138/7 + (-2)/(-7) is divided by i.
4
Let g = 369 - 317. What is the remainder when 310 is divided by g?
50
Let m(h) = -3*h + 179. Calculate the remainder when m(25) is divided by 39.
26
Let c(k) = -540*k + 6. Let a be c(-1). Suppose -4*y + a + 118 = 0. Calculate the remainder when y is divided by 24.
22
Let o(l) = l**2 - 7*l - 3. What is the remainder when o(-5) is divided by (-10 - (-594)/63)*-5*7?
17
Suppose 0 = -3*t + 2*o - 22 - 50, -142 = 5*t + 4*o. Let g = t + 57. Suppose -4 = 5*k - 4*v - 104, -4*k = 3*v - 49. What is the remainder when g is divided by k?
15
Suppose -d - 54*b + 52*b + 202 = 0, -2*d = -b - 384. Calculate the remainder when d is divided by 33.
29
Calculate the remainder when 62 + -7 + (-4 - -8) is divided by 34.
25
What is the remainder when (-184)/40*(-94 - 1) - 0 is divided by 73?
72
Suppose 0 = 4*o - 3*o + 5*b + 148, -3*b - 9 = 0. Let d = 192 + o. Let p(l) = -9*l + 2. What is the remainder when d is divided by p(-2)?
19
Let x = 18 + -24. Let c be (-46)/x + 6/(-9). Suppose -2*f = -c*f + d + 260, -164 = -3*f - d. Calculate the remainder when f is divided by 14.
11
Let w(n) = -n**2 + 23*n + 12. Suppose -r - 108 = -7*r. What is the remainder when w(10) is divided by r?
16
Suppose -3*a + 9 = -5*l, -4*a - 4*l = l - 12. Suppose -120 = -a*x + 21. Calculate the remainder when x is divided by ((-175)/14)/((-1)/2).
22
Suppose -4*f = 3*t - 5, -4*t = 3*f - 3*t. What is the remainder when 36 is divided by 24*((-2)/3 - f)?
4
Suppose 3*t = -t + 56. Calculate the remainder when (-16)/(-6)*(332/16 + 4) is divided by t.
10
Let s(i) = -2*i - 10. Let l 